and 418.
22
What is the highest common divisor of 24 and 11388?
12
Calculate the greatest common factor of 998048 and 128.
32
What is the highest common divisor of 78814 and 1004?
502
Calculate the highest common factor of 1140 and 140100.
60
What is the highest common divisor of 427843 and 13?
13
Calculate the highest common factor of 165 and 32835.
165
Calculate the highest common divisor of 1499 and 3.
1
What is the highest common divisor of 649 and 2376?
11
Calculate the greatest common divisor of 539 and 1660582.
77
What is the highest common divisor of 304 and 58672?
304
Calculate the highest common divisor of 70664 and 8249.
73
What is the highest common divisor of 63 and 36783?
9
Calculate the highest common factor of 350 and 77105.
35
Calculate the highest common divisor of 2 and 822780.
2
What is the greatest common divisor of 1006420 and 60?
20
What is the greatest common factor of 1233445 and 5?
5
What is the greatest common factor of 4554 and 10879?
253
What is the greatest common divisor of 224 and 239918?
14
Calculate the greatest common divisor of 371278 and 292.
146
Calculate the highest common factor of 195958 and 14.
14
Calculate the highest common divisor of 256376 and 1317.
439
What is the greatest common divisor of 30 and 57045?
15
What is the greatest common factor of 4997 and 19?
19
What is the highest common factor of 6140138 and 122?
122
Calculate the greatest common divisor of 120 and 246480.
120
What is the greatest common divisor of 300 and 185000?
100
What is the greatest common factor of 1 and 9239?
1
What is the highest common factor of 4980 and 725420?
1660
What is the greatest common factor of 37961 and 935?
187
What is the highest common factor of 1088 and 2448?
272
What is the greatest common factor of 1292 and 17612?
68
What is the greatest common factor of 156 and 1125657?
39
Calculate the highest common divisor of 11988 and 18.
18
Calculate the greatest common divisor of 772161 and 338.
169
Calculate the greatest common divisor of 1961 and 371.
53
What is the highest common factor of 386 and 2843083?
193
What is the greatest common factor of 7263 and 270?
27
What is the highest common factor of 60813 and 522?
261
What is the highest common factor of 389213 and 902?
451
Calculate the greatest common divisor of 26468 and 104.
52
What is the greatest common divisor of 2997712 and 6848?
1712
Calculate the greatest common divisor of 407341 and 56521.
1949
What is the highest common divisor of 8 and 4863464?
8
What is the highest common factor of 34428 and 6555?
57
Calculate the highest common divisor of 156 and 7356.
12
What is the highest common factor of 24 and 9712?
8
What is the highest common divisor of 558 and 54387?
9
What is the highest common factor of 292 and 22265?
73
Calculate the highest common divisor of 1771 and 32384.
253
Calculate the highest common divisor of 677505 and 1880.
235
Calculate the greatest common factor of 260039 and 3237.
1079
Calculate the greatest common divisor of 57 and 321081.
57
What is the highest common divisor of 19269 and 75?
3
What is the greatest common divisor of 4312 and 2233?
77
What is the greatest common divisor of 702020 and 550?
110
What is the greatest common divisor of 124938 and 198?
198
Calculate the greatest common factor of 754058 and 174.
58
Calculate the greatest common divisor of 1009125 and 14040.
1755
What is the highest common divisor of 453 and 950847?
453
Calculate the greatest common factor of 65342 and 3478.
74
Calculate the greatest common divisor of 12 and 76404.
12
What is the greatest common divisor of 342 and 314184?
114
Calculate the greatest common divisor of 105 and 25340.
35
What is the greatest common divisor of 15808 and 1672?
152
Calculate the highest common factor of 8388 and 9.
9
What is the greatest common factor of 174 and 246471?
87
Calculate the greatest common factor of 10425 and 3753.
417
What is the greatest common divisor of 3730 and 890?
10
What is the highest common divisor of 1242 and 2169?
9
Calculate the greatest common factor of 1668 and 70612.
556
What is the greatest common divisor of 288 and 842784?
96
What is the greatest common factor of 104 and 72904?
104
Calculate the greatest common factor of 28 and 323512.
28
Calculate the greatest common factor of 175 and 6020.
35
Calculate the highest common factor of 644 and 2716.
28
Calculate the greatest common divisor of 331381 and 1544.
193
What is the highest common factor of 4450 and 23496?
178
Calculate the greatest common divisor of 3300 and 34275.
75
Calculate the greatest common factor of 113094 and 2060.
206
What is the greatest common divisor of 1812 and 15804?
12
What is the highest common factor of 750117 and 366?
183
What is the greatest common factor of 1520654 and 623?
89
What is the highest common factor of 714259 and 1833?
611
What is the greatest common divisor of 258 and 32938?
86
What is the greatest common factor of 207388 and 3730?
746
Calculate the greatest common factor of 10795 and 255.
85
What is the highest common factor of 43 and 673?
1
Calculate the greatest common divisor of 296939 and 34.
17
Calculate the highest common factor of 5306 and 19054.
14
Calculate the greatest common divisor of 99 and 192051.
9
What is the greatest common divisor of 2940 and 1122100?
980
Calculate the highest common factor of 2 and 10193.
1
Calculate the highest common factor of 5418 and 11690.
14
Calculate the highest common factor of 18 and 1202802.
6
Calculate the highest common factor of 1076493 and 33.
33
What is the highest common factor of 18323 and 2259?
251
Calculate the highest common factor of 110 and 918170.
110
What is the greatest common factor of 847 and 6699?
77
Calculate the greatest common factor of 3627 and 189072.
117
Calculate the highest common factor of 689 and 3874.
13
What is the greatest common divisor of 4 and 1181252?
4
Calculate the highest common factor of 367 and 115972.
367
Calculate the highest common factor of 316183 and 1666.
119
Calculate the highest common divisor of 1561686 and 28119.
2163
What is the highest common factor of 4823 and 848?
53
What is the highest common factor of 896637 and 189?
21
What is the highest common divisor of 10481 and 44377?
223
Calculate the highest common factor of 294 and 17844.
6
Calculate the highest common divisor of 108 and 3000.
12
Calculate the greatest common divisor of 242 and 2749846.
242
Calculate the highest common divisor of 408164 and 938.
134
Calculate the highest common factor of 210186 and 36.
18
What is the greatest common divisor of 558 and 310062?
186
What is the greatest common factor of 107215 and 10045?
205
What is the greatest common factor of 4499 and 539?
11
Calculate the highest common factor of 433581 and 339.
339
Calculate the greatest common divisor of 31158 and 1728.
54
What is the greatest common factor of 12564 and 36?
36
What is the greatest common factor of 178841 and 39?
13
Calculate the highest common divisor of 2160 and 83610.
90
What is the highest common factor of 143450 and 21850?
950
What is the greatest common factor of 63474 and 47286?
426
Calculate the highest common factor of 8383 and 28552.
83
Calculate the highest common factor of 1008 and 115416.
504
What is the highest common factor of 3106 and 14?
2
Calculate the greatest common factor of 14554 and 190.
38
Calculate the highest common divisor of 451098 and 12.
6
Calculate the greatest common factor of 828 and 10443564.
828
What is the highest common divisor of 578 and 110687?
289
Calculate the greatest common divisor of 594 and 3972078.
594
What is the greatest common factor of 72220 and 5?
5
What is the greatest common factor of 436268 and 56?
28
Calculate the greatest common factor of 286612 and 316.
316
What is the highest common factor of 48851 and 3971?
11
Calculate the greatest common factor of 5907 and 12.
3
What is the highest common factor of 51704 and 136?
8
Calculate the greatest common divisor of 1072 and 139963.
67
Calculate the highest common divisor of 951 and 3564665.
317
What is the greatest common factor of 846298 and 1026?
38
Calculate the highest common factor of 7421 and 246.
41
Calculate the greatest common factor of 47 and 11421.
47
What is the greatest common divisor 